mon divisor of 754 and k.
58
Let l(t) = 1237*t - 7. Let g be l(-3). Let n be (g/(-33))/(4/6). Calculate the greatest common divisor of 13 and n.
13
Suppose -3*t - 2*w + 164 = 0, -22*t + 20*t + 96 = -2*w. Calculate the greatest common divisor of 8 and t.
4
Let v(q) = 5*q**3 - q**2 + 5*q - 3. Let z be v(1). Let d(x) = -8*x + 51. Let p be d(z). Calculate the greatest common factor of 9 and p.
3
Let m(h) = h**3 + 7*h**2 + 4*h - 3. Let x be m(-4). Let y = -5 + x. Let z(u) = u**2 - u. Let k be z(3). What is the highest common divisor of y and k?
6
Let q = 1888 - 1734. Calculate the greatest common factor of 11 and q.
11
Suppose 0 = -5*u - 2 - 8. Let m be (210/(-12))/(u/20). Let v = m + -95. What is the greatest common divisor of v and 10?
10
Let y = -86 + 98. Let k = 97 - 49. Calculate the highest common factor of k and y.
12
Suppose 16*p = 15*p + 9. Let g be (-4)/(-6) + (-6)/p. Suppose g*o + 5*o = 30. What is the greatest common factor of o and 6?
6
Let a(i) = -3*i**3 - 5*i**2 - 4*i - 6. Let c be a(-3). Suppose c - 36 = f. What is the highest common factor of f and 42?
6
Suppose 26*l = -5*y + 25*l + 300, 0 = -2*y - 2*l + 128. Calculate the highest common divisor of 1475 and y.
59
Suppose -4*h + 44 = -2*b, 10*h - 2*b - 54 = 5*h. What is the greatest common divisor of 90 and h?
10
Suppose -2*s + 7*s = 50. Let r be 5*-3*(-4)/s. What is the greatest common divisor of 18 and r?
6
Let f(w) = w + 6. Let x be f(5). Let k(t) = t**3 + 42*t**2 - 242*t - 252. Let a be k(-47). Calculate the highest common divisor of a and x.
11
Suppose -2*t = -w + 5*w - 14, 7 = 5*w - t. Suppose 2*s + j = 19, 12*j = 4*s + 10*j - 42. Calculate the highest common factor of s and w.
2
Let d(w) = -273*w + 1640. Let u be d(6). Let k be (-2)/(-8) - (-428)/16. Suppose k + 83 = 5*s. What is the highest common factor of s and u?
2
Let q be 1281/15 - (-20)/(-50). Let c(g) = g**3 - 2*g**2 + 2*g + 2. Let z be (18/15)/(4/10). Let m be c(z). What is the highest common divisor of m and q?
17
Suppose 0 = 4*i + 24. Let k be 58/4 - 3/i. What is the highest common factor of 15 and k?
15
Let q(c) = 4*c**2 - 8*c - 2. Let y = 6 + -5. Let p(f) = -1. Let n(u) = y*q(u) - 8*p(u). Let v be n(8). Calculate the highest common divisor of v and 18.
18
Let x(f) = f**3 - 6*f**2 + 5*f + 5. Let r be x(5). Let d(c) = 2*c - 12. Let z be d(r). Let p be -6*1/z*2. What is the greatest common factor of 42 and p?
6
Let y = -102 - 20. Let i = y + 125. Calculate the greatest common factor of 33 and i.
3
Suppose -7*b = -4*b - 15. Let a be (b/20)/(2/8). Let z be -1 + -1 + (-3 - -16). Calculate the greatest common divisor of a and z.
1
Suppose 343 = 3*m + 76. Suppose -17 = 4*j - m. Let v(a) = a**3 - a**2 - 4*a - 5. Let p be v(4). Calculate the highest common divisor of j and p.
9
Suppose -5*d = -6*d. Suppose d*b = 4*b - 128. Calculate the highest common factor of b and 8.
8
Let p = 9 + -27. Let a be 4/2*(p - -30). Calculate the greatest common divisor of a and 36.
12
Let c be (-4)/18 + 9/((-486)/(-552)). Suppose 11*r - c*r = 12. Calculate the highest common factor of r and 16.
4
Let p be 34/6 + (-4)/(-12). Let d = 5 - 4. Suppose -g - d = -p. Calculate the highest common divisor of g and 5.
5
Let i be 1022 + (-424)/371*(-14)/4. What is the greatest common divisor of 38 and i?
38
Suppose -58*y + 54*y + 144 = 0. What is the greatest common divisor of 20 and y?
4
Let c be ((-4)/2)/((-16)/(-312)). Let w = -31 - c. Calculate the highest common divisor of w and 12.
4
Suppose -561 = -a - 209. What is the greatest common factor of a and 32?
32
Let h be (14 + -7 + -6)*(48 + 1). Let v be (-4)/7*h/(-2). Calculate the greatest common factor of 112 and v.
14
Let l be (-28 - -1)/(24 + -25). Calculate the highest common divisor of 9 and l.
9
Let k = 0 + 2. Suppose -v + k*v - 6 = 0. Suppose -2*f = -2*o + 94, 3*o - 5*f + 0*f - 139 = 0. What is the greatest common factor of o and v?
6
Let a be ((-1666)/(-85))/(1/10). What is the highest common factor of 490 and a?
98
Let n be -1 - (-1 - 4)/1. Let q be (-4)/(0/n - 1). Suppose 3*w + 1 = q*k, w + 3*k = 4*w. What is the highest common divisor of w and 9?
1
Let j = 3 - 1. Suppose -2*d - d + 72 = -l, 44 = j*d - 2*l. Suppose 20 = -7*a + 9*a. What is the greatest common factor of a and d?
5
Let p(y) be the first derivative of -5*y**2/2 - y - 1. Let v be p(-2). Suppose -24*s - 790 + 2734 = 0. What is the greatest common factor of s and v?
9
Suppose 5*x = 5 + 20. Suppose a = x*f - 0*a - 224, 4*a + 41 = f. Calculate the highest common factor of 18 and f.
9
Suppose 5*s = -4*b - 40, -4*s = s - 4*b. Let w = s + 55. Let p be 270/8 + (-2)/(-8). Calculate the greatest common divisor of p and w.
17
Let c be (-1)/(3 - (0 - -2)) + 10. Let z = 109 - 64. What is the greatest common factor of z and c?
9
Suppose -36 = -k - 3*a, 3*k - 20 - 63 = -4*a. What is the highest common factor of k and 1?
1
Suppose -9 = -2*f + 71. Calculate the greatest common divisor of f and 72.
8
Let s = -47 + 97. What is the highest common divisor of s and 30?
10
Suppose 9 = s + 2*s. Suppose 0 = s*q - 4*q + 210. Suppose 0 = -5*w - w + q. What is the greatest common factor of 14 and w?
7
Suppose -f = 3*f - 296. Let a = f + -53. Suppose 2*n - 6*n - 5*x = -61, -4*n + 54 = -2*x. What is the greatest common factor of n and a?
7
Let i(p) = -19*p + 226. Let y be i(-21). Calculate the greatest common divisor of y and 250.
125
Let h = -14 - -17. Suppose 0 = f - w - 11, 29 + 12 = h*f + w. Let a be 25/15*(f + -1). What is the highest common factor of a and 40?
20
Suppose -148 + 448 = 25*w. Calculate the highest common divisor of w and 188.
4
Suppose 10658 = 10*c + 3168. Suppose 5*l - 2414 + c = 0. What is the greatest common divisor of l and 37?
37
Let h = 1982 - 1979. What is the greatest common divisor of h and 1176?
3
Suppose k - 4 = -k. Let r = -5 + 9. Let m be (-296)/(-36) + r/(-18). What is the greatest common factor of m and k?
2
Let x be ((-588)/16)/(2/(-8)). Calculate the greatest common divisor of 245 and x.
49
Let p(w) = 10*w + 9. Let y be p(1). Suppose 4*r - 855 = -r. What is the highest common factor of r and y?
19
Let q(i) = 2*i - 11. Let g be q(7). Suppose g*b + 950 = 5*b. Suppose -4*u + b = -533. Calculate the highest common divisor of 28 and u.
28
Suppose -29*n + 30*n = 3*l - 193, 0 = -2*l - 5*n + 157. Calculate the greatest common factor of 407 and l.
11
Let f(r) = r**3 + 17*r**2 + 18*r + 16. Let d be f(-16). Let v = 106 + d. Suppose -2*u + u = -v. What is the highest common factor of u and 18?
18
Suppose 2 - 4 = -t. Suppose -3 = 5*k + t, 2*k = 3*o - 44. Let x be 794/20 - -2 - (-348)/1160. What is the highest common factor of o and x?
14
Let m = -84 + 94. Suppose 0 = 2*p - 5*h - 19, -2*p = h + h + 16. Let i = p + 5. What is the greatest common divisor of m and i?
2
Suppose 2*b - 30 = -u + 7*b, 3*u + 4*b - 52 = 0. What is the greatest common divisor of u and 460?
20
Suppose 5*l = -2*x - 325, 3*l + 2*x - x = -195. Let y = l - -67. Let c(j) = j**2 - 5*j - 2. Let a be c(-3). What is the highest common divisor of y and a?
2
Let q(r) = r**2 - 8*r + 8. Let b be 6/((-18)/(-15)) + 2. Let s be q(b). What is the highest common factor of s and 7?
1
Suppose 54 - 234 = -12*n. Let l be 0 + -3 + n + (2 - 6). What is the greatest common factor of l and 8?
8
Suppose 0 = 1169*y - 1170*y + 160. Calculate the highest common divisor of y and 70.
10
Let t = 3 - 1. Suppose 5*s - 2*a - 771 = -34, t*s = 4*a + 282. Suppose 2*o + 3*o + u - s = 0, 3*o + 2*u = 88. Calculate the greatest common divisor of 6 and o.
6
Suppose -37*g - 5 = -38*g. Suppose 0 = -v + g, 4*t + 3*v = 83. Suppose -k + 6*k = -2*f + 172, 2*f = 3*k - 100. Calculate the greatest common divisor of k and t.
17
Let j be 15/2*(-132)/99*-1. Suppose 6*f = f + 3*q + 63, 57 = 3*f + 3*q. Calculate the greatest common factor of f and j.
5
Suppose 3*l + 60 = 5*l. Let g = 292 - 282. Calculate the greatest common divisor of g and l.
10
Let k(w) = 2*w**3 + 36*w**2 + w + 30. Let b be k(-18). What is the highest common divisor of b and 3?
3
Let b = 18 + -28. Let y be (-5)/b*6 - -85. Calculate the greatest common factor of y and 11.
11
Suppose 2360 = 8*b - 3*b. Calculate the greatest common factor of b and 177.
59
Let m be (1566/(-315)*-5)/((-3)/(-42)). Calculate the greatest common divisor of m and 96.
12
